{"id":25,"date":"2014-07-20T18:20:15","date_gmt":"2014-07-20T16:20:15","guid":{"rendered":"http:\/\/lesterrassesdelamadeleine.fr\/?page_id=25"},"modified":"2014-07-20T20:39:27","modified_gmt":"2014-07-20T18:39:27","slug":"le-conseil-syndical","status":"publish","type":"page","link":"https:\/\/lesterrassesdelamadeleine.fr\/?page_id=25","title":{"rendered":"Le Conseil Syndical"},"content":{"rendered":"<p>Depuis l&rsquo;Assembl\u00e9e G\u00e9n\u00e9rale du vendredi 27 juin 2014 les membres du Conseil Syndical de la R\u00e9sidence des Terrasses de La Madeleine sont :<\/p>\n<p style=\"padding-left: 60px;\"><strong>Monsieur Bernard COURTEAUX<\/strong><br \/>\nB\u00e2timent B<br \/>\n162, rue du G\u00e9n\u00e9ral de Gaulle<br \/>\n59110 LA MADELEINE<br \/>\n03 20 06 35 22<br \/>\n<a href=\"mailto:bernard.courteaux@wanadoo.fr\" target=\"_blank\">bernard.courteaux@wanadoo.fr<\/a><\/p>\n<p style=\"padding-left: 60px;\"><strong>Monsieur Rachid LAOUICI<\/strong><br \/>\n4 rue Guynemer<br \/>\n59110 LA MADELEINE<br \/>\n<a href=\"mailto:carima.laouici@hotmail.com\" target=\"_blank\"><span style=\"color: #000000;\">03 28 52 81 53<\/span><br \/>\n<\/a><a href=\"mailto:carima.laouici@hotmail.com\" target=\"_blank\">carima.laouici@hotmail.com<\/a><\/p>\n<p style=\"padding-left: 60px;\"><strong>Madame Annie MAQUET<\/strong><br \/>\n4, rue Guynemer<br \/>\n59110 LA MADELEINE<br \/>\n09 64 16 24 31<br \/>\n<a href=\"mailto:anmaquet@orange.fr\" target=\"_blank\">anmaquet@orange.fr<\/a><\/p>\n<p style=\"padding-left: 60px;\"><strong>Madame Annick VAYRON de LAMOUREYRE<\/strong><br \/>\n162. rue du G\u00e9n\u00e9ral de Gaulle<br \/>\n59110 LA MADELEINE<br \/>\n03 20 74 96 16<br \/>\n<a href=\"mailto:admoureyre@gmail.com\" target=\"_blank\">admoureyre@gmail.com<\/a><\/p>\n<p>&nbsp;<\/p>\n<p><span style=\"text-decoration: underline;\"><strong>R\u00f4le du Conseil Syndical :<\/strong><\/span><\/p>\n<p>Le Conseil Syndical a un r\u00f4le consultatif.<\/p>\n<p>Ses missions consistent principalement :<\/p>\n<p>\u00e0 assister le Syndic de copropri\u00e9t\u00e9 dans ses prises de d\u00e9cisions concernant la copropri\u00e9t\u00e9. Cette assistance peut porter, par exemple, sur un avis relatif au choix des entreprises appel\u00e9es \u00e0 assurer l&rsquo;entretien de l&rsquo;immeuble<\/p>\n<p>et \u00e0 contr\u00f4ler sa gestion en v\u00e9rifiant notamment la comptabilit\u00e9, la r\u00e9partition des d\u00e9penses, les conditions dans lesquelles sont pass\u00e9s et ex\u00e9cut\u00e9s les march\u00e9s et tous les autres contrats, ainsi que l&rsquo;\u00e9laboration du budget pr\u00e9visionnel.<\/p>\n<p>Le Conseil Syndical doit rendre compte tous les ans \u00e0 l&rsquo;assembl\u00e9e g\u00e9n\u00e9rale de l&rsquo;ex\u00e9cution de sa mission.<\/p>\n<p><span style=\"text-decoration: underline;\"><strong>Composition :<\/strong><\/span><\/p>\n<p>Le Conseil Syndical est compos\u00e9 d&rsquo;un pr\u00e9sident, \u00e9lu parmi ses membres, et de quelques copropri\u00e9taires \u00e9lus comme copropri\u00e9taires titulaires ou suppl\u00e9ants d\u00e9sign\u00e9s par l&rsquo;assembl\u00e9e g\u00e9n\u00e9rale \u00e0 la majorit\u00e9 absolue.<\/p>\n<p><span style=\"text-decoration: underline;\"><strong>Dur\u00e9e du mandat :<\/strong><\/span><\/p>\n<p>Les membres du Conseil Syndical sont \u00e9lus pour une dur\u00e9e maximale de 3 ans, renouvelable.<\/p>\n<p><span style=\"text-decoration: underline;\"><strong>R\u00e9mun\u00e9ration :<\/strong><\/span><\/p>\n<p>Les membres du Conseil Syndical ne sont pas r\u00e9mun\u00e9r\u00e9s.<br \/>\nLes d\u00e9penses n\u00e9cessit\u00e9es pour l&rsquo;ex\u00e9cution de leur mission sont rembours\u00e9es, sur le budget de la copropri\u00e9t\u00e9, par les copropri\u00e9taires.<\/p>\n<p><span style=\"text-decoration: underline;\"><strong>Responsabilit\u00e9 :<\/strong><\/span><\/p>\n<p>Les membres du Conseil Syndical peuvent \u00eatre responsables des fautes graves commises dans l&rsquo;ex\u00e9cution de leur mission. Un contr\u00f4le abusif de la mission du syndic de copropri\u00e9t\u00e9 peut par exemple constituer une faute mettant en cause la responsabilit\u00e9 du conseil syndical.<\/p>\n<p><span style=\"text-decoration: underline;\"><strong>Fin de mandat :<\/strong><\/span><\/p>\n<p>Les membres du conseil syndical peuvent rompre leur mandat quand ils le souhaitent. L&rsquo;assembl\u00e9e g\u00e9n\u00e9rale peut, quant \u00e0 elle, d\u00e9cider de r\u00e9voquer un ou plusieurs membres \u00e0 tout moment.<\/p>\n<p>Dans tous les cas, le Conseil Syndical n&rsquo;est plus r\u00e9guli\u00e8rement constitu\u00e9 d\u00e8s lors que plus du quart des si\u00e8ges devient vacant, pour quelque raison que ce soit.<\/p>\n<p>&nbsp;<\/p>\n","protected":false},"excerpt":{"rendered":"<p>Depuis l&rsquo;Assembl\u00e9e G\u00e9n\u00e9rale du vendredi 27 juin 2014 les membres du Conseil Syndical de la R\u00e9sidence des Terrasses de La Madeleine sont : Monsieur Bernard COURTEAUX B\u00e2timent B 162, rue du G\u00e9n\u00e9ral de Gaulle 59110 LA MADELEINE 03 20 06 &hellip; <a href=\"https:\/\/lesterrassesdelamadeleine.fr\/?page_id=25\">Continuer la lecture <span class=\"meta-nav\">&rarr;<\/span><\/a><\/p>\n","protected":false},"author":1,"featured_media":0,"parent":41,"menu_order":0,"comment_status":"open","ping_status":"closed","template":"","meta":{"footnotes":""},"class_list":["post-25","page","type-page","status-publish","hentry"],"_links":{"self":[{"href":"https:\/\/lesterrassesdelamadeleine.fr\/index.php?rest_route=\/wp\/v2\/pages\/25","targetHints":{"allow":["GET"]}}],"collection":[{"href":"https:\/\/lesterrassesdelamadeleine.fr\/index.php?rest_route=\/wp\/v2\/pages"}],"about":[{"href":"https:\/\/lesterrassesdelamadeleine.fr\/index.php?rest_route=\/wp\/v2\/types\/page"}],"author":[{"embeddable":true,"href":"https:\/\/lesterrassesdelamadeleine.fr\/index.php?rest_route=\/wp\/v2\/users\/1"}],"replies":[{"embeddable":true,"href":"https:\/\/lesterrassesdelamadeleine.fr\/index.php?rest_route=%2Fwp%2Fv2%2Fcomments&post=25"}],"version-history":[{"count":4,"href":"https:\/\/lesterrassesdelamadeleine.fr\/index.php?rest_route=\/wp\/v2\/pages\/25\/revisions"}],"predecessor-version":[{"id":38,"href":"https:\/\/lesterrassesdelamadeleine.fr\/index.php?rest_route=\/wp\/v2\/pages\/25\/revisions\/38"}],"up":[{"embeddable":true,"href":"https:\/\/lesterrassesdelamadeleine.fr\/index.php?rest_route=\/wp\/v2\/pages\/41"}],"wp:attachment":[{"href":"https:\/\/lesterrassesdelamadeleine.fr\/index.php?rest_route=%2Fwp%2Fv2%2Fmedia&parent=25"}],"curies":[{"name":"wp","href":"https:\/\/api.w.org\/{rel}","templated":true}]}}